{"id":341,"date":"2023-04-06T21:22:05","date_gmt":"2023-04-06T19:22:05","guid":{"rendered":"https:\/\/protecformation.fr\/?page_id=341"},"modified":"2025-09-04T11:08:48","modified_gmt":"2025-09-04T09:08:48","slug":"documents-utiles","status":"publish","type":"page","link":"https:\/\/protecformation.fr\/?page_id=341","title":{"rendered":"Documents Utiles"},"content":{"rendered":"<p>[et_pb_section fb_built=&#8221;1&#8243; admin_label=&#8221;Header&#8221; _builder_version=&#8221;4.20.4&#8243; use_background_color_gradient=&#8221;on&#8221; background_color_gradient_stops=&#8221;rgba(23,0,190,0.3) 96%|rgba(23,0,190,0.9) 100%&#8221; background_color_gradient_overlays_image=&#8221;on&#8221; background_color_gradient_start=&#8221;rgba(23,0,190,0.3)&#8221; background_color_gradient_end=&#8221;rgba(23,0,190,0.9)&#8221; background_image=&#8221;http:\/\/protecformation.fr\/wp-content\/uploads\/2023\/04\/Documents-diagnostics-2.png&#8221; min_height=&#8221;298px&#8221; locked=&#8221;off&#8221; global_colors_info=&#8221;{}&#8221;][\/et_pb_section][et_pb_section fb_built=&#8221;1&#8243; admin_label=&#8221;How It Works&#8221; _builder_version=&#8221;4.16&#8243; min_height=&#8221;1031px&#8221; custom_margin=&#8221;-2px|||||&#8221; global_colors_info=&#8221;{}&#8221;][et_pb_row _builder_version=&#8221;4.16&#8243; global_colors_info=&#8221;{}&#8221;][et_pb_column type=&#8221;4_4&#8243; _builder_version=&#8221;4.16&#8243; global_colors_info=&#8221;{}&#8221;][et_pb_text _builder_version=&#8221;4.16&#8243; header_2_font=&#8221;Kanit|700|||||||&#8221; header_2_text_align=&#8221;center&#8221; header_2_font_size=&#8221;48px&#8221; header_2_line_height=&#8221;1.2em&#8221; module_alignment=&#8221;center&#8221; header_2_font_size_tablet=&#8221;&#8221; header_2_font_size_phone=&#8221;30px&#8221; header_2_font_size_last_edited=&#8221;on|phone&#8221; locked=&#8221;off&#8221; global_colors_info=&#8221;{}&#8221;]<\/p>\n<h2>Documents utiles<\/h2>\n<p>[\/et_pb_text][\/et_pb_column][\/et_pb_row][et_pb_row _builder_version=&#8221;4.20.4&#8243; _module_preset=&#8221;default&#8221; global_colors_info=&#8221;{}&#8221;][et_pb_column type=&#8221;4_4&#8243; _builder_version=&#8221;4.20.4&#8243; _module_preset=&#8221;default&#8221; global_colors_info=&#8221;{}&#8221;][et_pb_code _builder_version=&#8221;4.21.0&#8243; _module_preset=&#8221;default&#8221; hover_enabled=&#8221;0&#8243; global_colors_info=&#8221;{}&#8221; sticky_enabled=&#8221;0&#8243;]<\/p>\n<div class=\"col-md-10\" style=\"text-align: left;\"><!-- [et_pb_line_break_holder] -->\t\t\t<\/p>\n<h4 style=\"text-align: left;margin-top: 0px;\"><b>Protec Formation<\/b> (Centre de formation Pr\u00e9vention et de S\u00e9curit\u00e9):<\/h4>\n<p><!-- [et_pb_line_break_holder] -->\t\t\t<\/p>\n<div style=\"text-align: left;\"><!-- [et_pb_line_break_holder] -->\t\t\t\t<a href=\"http:\/\/protecformation.fr\/wp-content\/uploads\/2023\/04\/CERTIFICAT_MEDICAL.pdf\" class=\"visitblue\" style=\"\"><!-- [et_pb_line_break_holder] -->\t\t\t\t\t<pee style=\"padding: 8px;background-color: #d9edf7;margin-top: 23px;border-radius: 4px;\"><!-- [et_pb_line_break_holder] -->\t\t\t\t\t\t<i class=\"fa fa-download\"><\/i> \u00a0<b>CERTIFICAT M\u00c9DICAL<\/b> (Obligatoire pour finaliser votre inscription)<!-- [et_pb_line_break_holder] -->\t\t\t\t\t<\/pee><!-- [et_pb_line_break_holder] -->\t\t\t\t<\/a><!-- [et_pb_line_break_holder] -->\t\t\t\t<a href=\"http:\/\/protecformation.fr\/wp-content\/uploads\/2025\/08\/Livret-daccueil-protec-formation.pdf\" class=\"visitblue\" style=\"\"><!-- [et_pb_line_break_holder] -->\t\t\t\t\t<pee style=\"padding: 8px;background-color: #d9edf7;margin-top: 8px;border-radius: 4px;\"><!-- [et_pb_line_break_holder] -->\t\t\t\t\t\t<i class=\"fa fa-download\"><\/i> \u00a0<b>PLAQUETTE PROTEC FORMATION<\/b> (Plan d&#8217;acc\u00e8s \u00e0 notre CENTRE DE FORMATION)<!-- [et_pb_line_break_holder] -->\t\t\t\t\t<\/pee><!-- [et_pb_line_break_holder] -->\t\t\t\t<\/a><!-- [et_pb_line_break_holder] -->\t\t\t\t<a href=\"http:\/\/protecformation.fr\/wp-content\/uploads\/2025\/08\/REGLEMENT-INTERIEUR.pdf\" class=\"visitblue\" style=\"\"><!-- [et_pb_line_break_holder] -->\t\t\t\t\t<pee style=\"padding: 8px;background-color: #d9edf7;margin-top: 8px;border-radius: 4px;\"><!-- [et_pb_line_break_holder] -->\t\t\t\t\t\t<i class=\"fa fa-download\"><\/i> \u00a0<b>R\u00c8GLEMENT INT\u00c9RIEUR<\/b> (A lire attentivement avant d&#8217;acc\u00e8der \u00e0 nos locaux)<!-- [et_pb_line_break_holder] -->\t\t\t\t\t<\/pee><!-- [et_pb_line_break_holder] -->\t\t\t\t<\/a><!-- [et_pb_line_break_holder] -->\t\t\t\t<!-- [et_pb_line_break_holder] -->\t\t\t\t<\/a>\t<!-- [et_pb_line_break_holder] -->\t\t\t\t<a href=\"https:\/\/protecformation.fr\/?page_id=284\" class=\"visitblue\" style=\"\"><!-- [et_pb_line_break_holder] -->\t\t\t\t\t<pee style=\"padding: 8px;background-color: #d9edf7;margin-top: 8px;border-radius: 4px;\"><!-- [et_pb_line_break_holder] -->\t\t\t\t\t\t<i class=\"fa fa-download\"><\/i> \u00a0<b>CGU<\/b> (Mentions Legales et CGU)<!-- [et_pb_line_break_holder] -->\t\t\t\t\t<\/pee><!-- [et_pb_line_break_holder] -->\t\t\t\t<\/a>\t<!-- [et_pb_line_break_holder] -->\t\t\t\t<a href=\"https:\/\/protecformation.fr\/?page_id=275\" class=\"visitblue\" style=\"\"><!-- [et_pb_line_break_holder] -->\t\t\t\t\t<pee style=\"padding: 8px;background-color: #d9edf7;margin-top: 8px;border-radius: 4px;\"><!-- [et_pb_line_break_holder] -->\t\t\t\t\t\t<i class=\"fa fa-download\"><\/i> \u00a0<b>CGV<\/b> (Conditions G\u00e9n\u00e9rales de Ventes)<!-- [et_pb_line_break_holder] -->\t\t\t\t\t<\/pee><!-- [et_pb_line_break_holder] -->\t\t\t\t<\/a><!-- [et_pb_line_break_holder] -->\t\t\t\t<a href=\"https:\/\/protecformation.fr\/?page_id=286\" class=\"visitblue\" style=\"\"><!-- [et_pb_line_break_holder] -->\t\t\t\t\t<pee style=\"padding: 8px;background-color: #d9edf7;margin-top: 8px;border-radius: 4px;\"><!-- [et_pb_line_break_holder] -->\t\t\t\t\t\t<i class=\"fa fa-download\"><\/i> \u00a0<b>Politique de Confidentialit\u00e9<\/b> (Concerne vos donn\u00e9es personnelles)<!-- [et_pb_line_break_holder] -->\t\t\t\t\t<\/pee><!-- [et_pb_line_break_holder] -->\t\t\t\t<\/a><!-- [et_pb_line_break_holder] -->\t\t\t<\/div>\n<p><!-- [et_pb_line_break_holder] -->\t\t<\/div>\n<p>[\/et_pb_code][\/et_pb_column][\/et_pb_row][et_pb_row _builder_version=&#8221;4.16&#8243; global_colors_info=&#8221;{}&#8221;][et_pb_column type=&#8221;4_4&#8243; _builder_version=&#8221;4.16&#8243; global_colors_info=&#8221;{}&#8221;][\/et_pb_column][\/et_pb_row][\/et_pb_section]<\/p>\n","protected":false},"excerpt":{"rendered":"<p>Documents utiles<\/p>\n","protected":false},"author":1,"featured_media":0,"parent":0,"menu_order":0,"comment_status":"closed","ping_status":"closed","template":"","meta":{"_et_pb_use_builder":"on","_et_pb_old_content":"<!-- wp:paragraph {\"style\":{\"typography\":{\"fontSize\":\"21px\"}},\"textColor\":\"vivid-cyan-blue\"} -->\n<p class=\"has-vivid-cyan-blue-color has-text-color\" style=\"font-size:21px\"><strong>PROTEC FORMATION<\/strong><\/p>\n<!-- \/wp:paragraph -->\n\n<!-- wp:kadence\/accordion {\"uniqueID\":\"_89ae88-a6\",\"paneCount\":6,\"contentBgColor\":\"#ffffff\",\"contentBorderStyle\":[{\"top\":[\"\",\"\",0],\"right\":[\"\",\"\",0],\"bottom\":[\"\",\"\",0],\"left\":[\"\",\"\",0],\"unit\":\"px\"}],\"titleStyles\":[{\"size\":[\"\",\"\",\"\"],\"sizeType\":\"px\",\"lineHeight\":[\"\",\"\",\"\"],\"lineType\":\"\",\"letterSpacing\":\"\",\"family\":\"\",\"google\":\"\",\"style\":\"\",\"weight\":\"\",\"variant\":\"\",\"subset\":\"\",\"loadGoogle\":true,\"padding\":[14,16,14,16],\"marginTop\":10,\"color\":\"#ffffff\",\"background\":\"#8ed1fc\",\"border\":[\"\",\"\",\"\",\"\"],\"borderRadius\":[\"\",\"\",\"\",\"\"],\"borderWidth\":[\"\",\"\",\"\",\"\"],\"colorHover\":\"#2c50d3\",\"backgroundHover\":\"#8ed1fc\",\"borderHover\":[\"\",\"\",\"\",\"\"],\"colorActive\":\"#8ed1fc\",\"backgroundActive\":\"#2c50d3\",\"borderActive\":[\"\",\"\",\"\",\"\"],\"textTransform\":\"\"}],\"titleBorder\":[{\"top\":[\"#f2f2f2\",\"\",0],\"right\":[\"#f2f2f2\",\"\",0],\"bottom\":[\"#f2f2f2\",\"\",0],\"left\":[\"#f2f2f2\",\"\",0],\"unit\":\"px\"}],\"titleBorderHover\":[{\"top\":[\"#eeeeee\",\"\",\"\"],\"right\":[\"#eeeeee\",\"\",\"\"],\"bottom\":[\"#eeeeee\",\"\",\"\"],\"left\":[\"#eeeeee\",\"\",\"\"],\"unit\":\"px\"}],\"titleBorderActive\":[{\"top\":[\"#f3690e\",\"\",\"\"],\"right\":[\"#f3690e\",\"\",\"\"],\"bottom\":[\"#f3690e\",\"\",\"\"],\"left\":[\"#f3690e\",\"\",\"\"],\"unit\":\"px\"}],\"titleBorderRadius\":[6,6,6,6]} -->\n<div class=\"wp-block-kadence-accordion alignnone\"><div class=\"kt-accordion-wrap kt-accordion-id_89ae88-a6 kt-accordion-has-6-panes kt-active-pane-0 kt-accordion-block kt-pane-header-alignment-left kt-accodion-icon-style-basic kt-accodion-icon-side-right\" style=\"max-width:none\"><div class=\"kt-accordion-inner-wrap\" data-allow-multiple-open=\"false\" data-start-open=\"0\">\n<!-- wp:kadence\/pane {\"uniqueID\":\"_99723e-5f\"} -->\n<div class=\"wp-block-kadence-pane kt-accordion-pane kt-accordion-pane-1 kt-pane_99723e-5f\"><div class=\"kt-accordion-header-wrap\"><button class=\"kt-blocks-accordion-header kt-acccordion-button-label-show\"><span class=\"kt-blocks-accordion-title-wrap\"><span class=\"kt-blocks-accordion-title\">CERTIFICAT MEDICAL<\/span><\/span><span class=\"kt-blocks-accordion-icon-trigger\"><\/span><\/button><\/div><div class=\"kt-accordion-panel\"><div class=\"kt-accordion-panel-inner\"><\/div><\/div><\/div>\n<!-- \/wp:kadence\/pane -->\n<!-- wp:kadence\/pane {\"id\":3,\"uniqueID\":\"_589fa1-d5\"} -->\n<div class=\"wp-block-kadence-pane kt-accordion-pane kt-accordion-pane-3 kt-pane_589fa1-d5\"><div class=\"kt-accordion-header-wrap\"><button class=\"kt-blocks-accordion-header kt-acccordion-button-label-show\"><span class=\"kt-blocks-accordion-title-wrap\"><span class=\"kt-blocks-accordion-title\">R\u00c9GLEMENT INT\u00c9RIEUR<\/span><\/span><span class=\"kt-blocks-accordion-icon-trigger\"><\/span><\/button><\/div><div class=\"kt-accordion-panel\"><div class=\"kt-accordion-panel-inner\"><\/div><\/div><\/div>\n<!-- \/wp:kadence\/pane -->\n<!-- wp:kadence\/pane {\"id\":4,\"uniqueID\":\"_6d9a83-6d\"} -->\n<div class=\"wp-block-kadence-pane kt-accordion-pane kt-accordion-pane-4 kt-pane_6d9a83-6d\"><div class=\"kt-accordion-header-wrap\"><button class=\"kt-blocks-accordion-header kt-acccordion-button-label-show\"><span class=\"kt-blocks-accordion-title-wrap\"><span class=\"kt-blocks-accordion-title\">CGU (Mentions l\u00e9gales cgu)<\/span><\/span><span class=\"kt-blocks-accordion-icon-trigger\"><\/span><\/button><\/div><div class=\"kt-accordion-panel\"><div class=\"kt-accordion-panel-inner\"><\/div><\/div><\/div>\n<!-- \/wp:kadence\/pane -->\n<!-- wp:kadence\/pane {\"id\":2,\"uniqueID\":\"_b30bd5-c1\"} -->\n<div class=\"wp-block-kadence-pane kt-accordion-pane kt-accordion-pane-2 kt-pane_b30bd5-c1\"><div class=\"kt-accordion-header-wrap\"><button class=\"kt-blocks-accordion-header kt-acccordion-button-label-show\"><span class=\"kt-blocks-accordion-title-wrap\"><span class=\"kt-blocks-accordion-title\">CGV (Conditions G\u00e9n\u00e9ral de Ventes)<\/span><\/span><span class=\"kt-blocks-accordion-icon-trigger\"><\/span><\/button><\/div><div class=\"kt-accordion-panel\"><div class=\"kt-accordion-panel-inner\"><\/div><\/div><\/div>\n<!-- \/wp:kadence\/pane -->\n<!-- wp:kadence\/pane {\"id\":5,\"uniqueID\":\"_e350fe-61\"} -->\n<div class=\"wp-block-kadence-pane kt-accordion-pane kt-accordion-pane-5 kt-pane_e350fe-61\"><div class=\"kt-accordion-header-wrap\"><button class=\"kt-blocks-accordion-header kt-acccordion-button-label-show\"><span class=\"kt-blocks-accordion-title-wrap\"><span class=\"kt-blocks-accordion-title\">CGV (Conditions G\u00e9n\u00e9ral de Ventes)<\/span><\/span><span class=\"kt-blocks-accordion-icon-trigger\"><\/span><\/button><\/div><div class=\"kt-accordion-panel\"><div class=\"kt-accordion-panel-inner\"><\/div><\/div><\/div>\n<!-- \/wp:kadence\/pane -->\n<\/div><\/div><\/div>\n<!-- \/wp:kadence\/accordion -->\n\n<!-- wp:spacer -->\n<div style=\"height:100px\" aria-hidden=\"true\" class=\"wp-block-spacer\"><\/div>\n<!-- \/wp:spacer -->\n\n<!-- wp:paragraph {\"style\":{\"typography\":{\"fontSize\":\"21px\"}},\"textColor\":\"vivid-cyan-blue\"} -->\n<p class=\"has-vivid-cyan-blue-color has-text-color\" style=\"font-size:21px\"><strong>CNAPS<\/strong>&nbsp;(Conseil National des Activit\u00e9s Priv\u00e9es de S\u00e9curit\u00e9):<\/p>\n<!-- \/wp:paragraph -->\n\n<!-- wp:kadence\/accordion {\"uniqueID\":\"_e953fa-c1\",\"paneCount\":3,\"contentBgColor\":\"#ffffff\",\"contentBorderStyle\":[{\"top\":[\"\",\"\",0],\"right\":[\"\",\"\",0],\"bottom\":[\"\",\"\",0],\"left\":[\"\",\"\",0],\"unit\":\"px\"}],\"titleStyles\":[{\"size\":[\"\",\"\",\"\"],\"sizeType\":\"px\",\"lineHeight\":[\"\",\"\",\"\"],\"lineType\":\"\",\"letterSpacing\":\"\",\"family\":\"\",\"google\":\"\",\"style\":\"\",\"weight\":\"\",\"variant\":\"\",\"subset\":\"\",\"loadGoogle\":true,\"padding\":[14,16,14,16],\"marginTop\":10,\"color\":\"#555555\",\"background\":\"#8ed1fc\",\"border\":[\"\",\"\",\"\",\"\"],\"borderRadius\":[\"\",\"\",\"\",\"\"],\"borderWidth\":[\"\",\"\",\"\",\"\"],\"colorHover\":\"#2c50d3\",\"backgroundHover\":\"#eeeeee\",\"borderHover\":[\"\",\"\",\"\",\"\"],\"colorActive\":\"#ffffff\",\"backgroundActive\":\"#2c50d3\",\"borderActive\":[\"\",\"\",\"\",\"\"],\"textTransform\":\"\"}],\"titleBorder\":[{\"top\":[\"#f2f2f2\",\"\",0],\"right\":[\"#f2f2f2\",\"\",0],\"bottom\":[\"#f2f2f2\",\"\",0],\"left\":[\"#f2f2f2\",\"\",0],\"unit\":\"px\"}],\"titleBorderHover\":[{\"top\":[\"#eeeeee\",\"\",\"\"],\"right\":[\"#eeeeee\",\"\",\"\"],\"bottom\":[\"#eeeeee\",\"\",\"\"],\"left\":[\"#eeeeee\",\"\",\"\"],\"unit\":\"px\"}],\"titleBorderActive\":[{\"top\":[\"#f3690e\",\"\",\"\"],\"right\":[\"#f3690e\",\"\",\"\"],\"bottom\":[\"#f3690e\",\"\",\"\"],\"left\":[\"#f3690e\",\"\",\"\"],\"unit\":\"px\"}],\"titleBorderRadius\":[6,6,6,6]} -->\n<div class=\"wp-block-kadence-accordion alignnone\"><div class=\"kt-accordion-wrap kt-accordion-id_e953fa-c1 kt-accordion-has-3-panes kt-active-pane-0 kt-accordion-block kt-pane-header-alignment-left kt-accodion-icon-style-basic kt-accodion-icon-side-right\" style=\"max-width:none\"><div class=\"kt-accordion-inner-wrap\" data-allow-multiple-open=\"false\" data-start-open=\"0\">\n<!-- wp:kadence\/pane {\"uniqueID\":\"_91e66e-9e\"} -->\n<div class=\"wp-block-kadence-pane kt-accordion-pane kt-accordion-pane-1 kt-pane_91e66e-9e\"><div class=\"kt-accordion-header-wrap\"><button class=\"kt-blocks-accordion-header kt-acccordion-button-label-show\"><span class=\"kt-blocks-accordion-title-wrap\"><span class=\"kt-blocks-accordion-title\">DEMANDE D\u2019AUTORISATION PR\u00c9ALABLE OU PROVISOIRE<\/span><\/span><span class=\"kt-blocks-accordion-icon-trigger\"><\/span><\/button><\/div><div class=\"kt-accordion-panel\"><div class=\"kt-accordion-panel-inner\"><\/div><\/div><\/div>\n<!-- \/wp:kadence\/pane -->\n<!-- wp:kadence\/pane {\"id\":2,\"uniqueID\":\"_af4278-be\"} -->\n<div class=\"wp-block-kadence-pane kt-accordion-pane kt-accordion-pane-2 kt-pane_af4278-be\"><div class=\"kt-accordion-header-wrap\"><button class=\"kt-blocks-accordion-header kt-acccordion-button-label-show\"><span class=\"kt-blocks-accordion-title-wrap\"><span class=\"kt-blocks-accordion-title\">DEMANDE DE CARTE PROFESSIONNELLE (DEMANDE DE PREMI\u00c8RE CARTE)<\/span><\/span><span class=\"kt-blocks-accordion-icon-trigger\"><\/span><\/button><\/div><div class=\"kt-accordion-panel\"><div class=\"kt-accordion-panel-inner\"><\/div><\/div><\/div>\n<!-- \/wp:kadence\/pane -->\n<!-- wp:kadence\/pane {\"id\":3,\"uniqueID\":\"_b1c78f-13\"} -->\n<div class=\"wp-block-kadence-pane kt-accordion-pane kt-accordion-pane-3 kt-pane_b1c78f-13\"><div class=\"kt-accordion-header-wrap\"><button class=\"kt-blocks-accordion-header kt-acccordion-button-label-show\"><span class=\"kt-blocks-accordion-title-wrap\"><span class=\"kt-blocks-accordion-title\">DEMANDE DE RENOUVELLEMENT DE CARTE PROFESSIONNELLE<\/span><\/span><span class=\"kt-blocks-accordion-icon-trigger\"><\/span><\/button><\/div><div class=\"kt-accordion-panel\"><div class=\"kt-accordion-panel-inner\"><\/div><\/div><\/div>\n<!-- \/wp:kadence\/pane -->\n<\/div><\/div><\/div>\n<!-- \/wp:kadence\/accordion -->\n\n<!-- wp:kadence\/advancedbtn {\"uniqueID\":\"_316f43-b4\"} -->\n<div class=\"wp-block-kadence-advancedbtn kb-buttons-wrap kb-btns_316f43-b4\">\n<!-- wp:kadence\/singlebtn {\"uniqueID\":\"_091847-a7\",\"text\":\"CERTIFICAT MEDICAL\",\"widthType\":\"full\"} \/-->\n<\/div>\n<!-- \/wp:kadence\/advancedbtn -->\n\n<!-- wp:spacer {\"height\":\"0px\"} -->\n<div style=\"height:0px\" aria-hidden=\"true\" class=\"wp-block-spacer\"><\/div>\n<!-- \/wp:spacer -->\n\n<!-- wp:kadence\/advancedbtn {\"uniqueID\":\"_bd2542-7f\"} -->\n<div class=\"wp-block-kadence-advancedbtn kb-buttons-wrap kb-btns_bd2542-7f\">\n<!-- wp:kadence\/singlebtn {\"uniqueID\":\"_65288d-28\",\"text\":\"R\u00c9GLEMENT INT\u00c9RIEUR\",\"widthType\":\"full\"} \/-->\n<\/div>\n<!-- \/wp:kadence\/advancedbtn -->\n\n<!-- wp:spacer {\"height\":\"0px\"} -->\n<div style=\"height:0px\" aria-hidden=\"true\" class=\"wp-block-spacer\"><\/div>\n<!-- \/wp:spacer -->\n\n<!-- wp:kadence\/advancedbtn {\"uniqueID\":\"_4314f8-f4\"} -->\n<div class=\"wp-block-kadence-advancedbtn kb-buttons-wrap kb-btns_4314f8-f4\">\n<!-- wp:kadence\/singlebtn {\"uniqueID\":\"_4571fe-61\",\"text\":\"CGU (Mentions l\u00e9gales cgu)\",\"widthType\":\"full\"} \/-->\n<\/div>\n<!-- \/wp:kadence\/advancedbtn -->\n\n<!-- wp:spacer {\"height\":\"0px\"} -->\n<div style=\"height:0px\" aria-hidden=\"true\" class=\"wp-block-spacer\"><\/div>\n<!-- \/wp:spacer -->\n\n<!-- wp:kadence\/advancedbtn {\"uniqueID\":\"_f9a26c-43\"} -->\n<div class=\"wp-block-kadence-advancedbtn kb-buttons-wrap kb-btns_f9a26c-43\">\n<!-- wp:kadence\/singlebtn {\"uniqueID\":\"_8d0592-74\",\"text\":\"CGV (Conditions G\u00e9n\u00e9ral de Ventes)\",\"link\":\"https:\/\/protecformation.fr\/?page_id=33\",\"widthType\":\"full\"} \/-->\n<\/div>\n<!-- \/wp:kadence\/advancedbtn -->\n\n<!-- wp:spacer {\"height\":\"0px\"} -->\n<div style=\"height:0px\" aria-hidden=\"true\" class=\"wp-block-spacer\"><\/div>\n<!-- \/wp:spacer -->\n\n<!-- wp:kadence\/advancedbtn {\"uniqueID\":\"_9f0f9c-c0\"} -->\n<div class=\"wp-block-kadence-advancedbtn kb-buttons-wrap kb-btns_9f0f9c-c0\">\n<!-- wp:kadence\/singlebtn {\"uniqueID\":\"_8146c1-0a\",\"text\":\"CGV (Conditions G\u00e9n\u00e9ral de Ventes)\",\"link\":\"https:\/\/protecformation.fr\/?page_id=275\",\"widthType\":\"full\"} \/-->\n<\/div>\n<!-- \/wp:kadence\/advancedbtn -->","_et_gb_content_width":""},"_links":{"self":[{"href":"https:\/\/protecformation.fr\/index.php?rest_route=\/wp\/v2\/pages\/341"}],"collection":[{"href":"https:\/\/protecformation.fr\/index.php?rest_route=\/wp\/v2\/pages"}],"about":[{"href":"https:\/\/protecformation.fr\/index.php?rest_route=\/wp\/v2\/types\/page"}],"author":[{"embeddable":true,"href":"https:\/\/protecformation.fr\/index.php?rest_route=\/wp\/v2\/users\/1"}],"replies":[{"embeddable":true,"href":"https:\/\/protecformation.fr\/index.php?rest_route=%2Fwp%2Fv2%2Fcomments&post=341"}],"version-history":[{"count":34,"href":"https:\/\/protecformation.fr\/index.php?rest_route=\/wp\/v2\/pages\/341\/revisions"}],"predecessor-version":[{"id":1206,"href":"https:\/\/protecformation.fr\/index.php?rest_route=\/wp\/v2\/pages\/341\/revisions\/1206"}],"wp:attachment":[{"href":"https:\/\/protecformation.fr\/index.php?rest_route=%2Fwp%2Fv2%2Fmedia&parent=341"}],"curies":[{"name":"wp","href":"https:\/\/api.w.org\/{rel}","templated":true}]}}