{"id":593,"date":"2023-04-11T20:30:06","date_gmt":"2023-04-11T18:30:06","guid":{"rendered":"https:\/\/protecformation.fr\/?page_id=593"},"modified":"2023-04-11T20:32:52","modified_gmt":"2023-04-11T18:32:52","slug":"593-2","status":"publish","type":"page","link":"https:\/\/protecformation.fr\/?page_id=593","title":{"rendered":"SSI &#8211; Formation \u00e0 l\u2019exploitation du Syst\u00e8me de S\u00e9curit\u00e9 Incendie"},"content":{"rendered":"\n[et_pb_section fb_built=&#8221;1&#8243; _builder_version=&#8221;4.20.4&#8243; _module_preset=&#8221;default&#8221; hover_enabled=&#8221;0&#8243; global_colors_info=&#8221;{}&#8221; sticky_enabled=&#8221;0&#8243;][et_pb_row _builder_version=&#8221;4.20.4&#8243; _module_preset=&#8221;default&#8221; border_radii=&#8221;on|20px|20px|20px|20px&#8221; border_color_all=&#8221;#FFFFFF&#8221; box_shadow_style=&#8221;preset2&#8243; box_shadow_horizontal=&#8221;8px&#8221; box_shadow_vertical=&#8221;15px&#8221; box_shadow_blur=&#8221;26px&#8221; box_shadow_spread=&#8221;-80px&#8221; box_shadow_color=&#8221;#000000&#8243; global_colors_info=&#8221;{}&#8221;][et_pb_column type=&#8221;4_4&#8243; _builder_version=&#8221;4.20.4&#8243; _module_preset=&#8221;default&#8221; global_colors_info=&#8221;{}&#8221;][et_pb_tabs active_tab_background_color=&#8221;#0C71C3&#8243; inactive_tab_background_color=&#8221;#8F8F8F&#8221; active_tab_text_color=&#8221;#FFFFFF&#8221; _builder_version=&#8221;4.20.4&#8243; _module_preset=&#8221;default&#8221; tab_text_color=&#8221;#FFFFFF&#8221; body_font=&#8221;Poppins||||||||&#8221; body_text_color=&#8221;#000000&#8243; body_font_size=&#8221;15px&#8221; tab_font=&#8221;Poppins||||||||&#8221; tab_font_size=&#8221;19px&#8221; tab_letter_spacing=&#8221;2px&#8221; max_width=&#8221;100%&#8221; custom_margin=&#8221;-4px|||||&#8221; border_radii=&#8221;on|20px|20px|20px|20px&#8221; border_color_all=&#8221;#000000&#8243; box_shadow_style=&#8221;preset2&#8243; box_shadow_spread=&#8221;80px&#8221; box_shadow_color=&#8221;#FFFFFF&#8221; global_colors_info=&#8221;{}&#8221;][et_pb_tab title=&#8221;SSI Formation \u00e0 l\u2019exploitation du Syst\u00e8me de S\u00e9curit\u00e9 Incendie&#8221; _builder_version=&#8221;4.20.4&#8243; _module_preset=&#8221;default&#8221; body_text_color=&#8221;#000000&#8243; global_colors_info=&#8221;{}&#8221;]<div class=\"entry-content\">\n<h4 class=\"wp-block-heading\" style=\"text-align: center;\"><span>Cette formation est destin\u00e9e aux personnels amen\u00e9s \u00e0 manipuler un Syst\u00e8me de S\u00e9curit\u00e9 Incendie (SSI et CMSI) dans le cadre de leur mission, afin de leur faire prendre conscience de l\u2019importance d\u2019une r\u00e9action rapide et adapt\u00e9e.<\/span><\/h4>\n<div class=\"title active\">OBJECTIFS<\/div>\n<div class=\"content active\">\n<p class=\"transition visible\">Aider les utilisateurs de S.S.I. \u00e0 r\u00e9agir et intervenir rapidement en cas de d\u00e9tection incendie.<\/p>\n<\/div>\n<div class=\"title active\"><i class=\"dropdown icon\"><\/i><span>\u00a0<\/span>PUBLIC<\/div>\n<div class=\"content active\">\n<p class=\"transition visible\">Tout public<\/p>\n<\/div>\n<div class=\"title active\"><i class=\"dropdown icon\"><\/i><span>\u00a0<\/span>ACCESSIBILIT\u00c9<\/div>\n<div class=\"content active\">\n<p class=\"transition visible\">Formation ouverte \u00e0 certaines formes de handicap : contactez-nous pour plus d&#8217;information.<\/p>\n<\/div>\n<div class=\"title active\"><i class=\"dropdown icon\"><\/i><span>\u00a0<\/span>PROGRAMME<\/div>\n<div class=\"content active\">\n<h3 class=\"transition visible\">PARTIE THEORIQUE :<\/h3>\n<p class=\"transition visible\">D\u00e9finition du S.S.I. &#8211; Fonctions du S.S.I. (d\u00e9senfumage, \u00e9vacuation,\u2026) &#8211; Traitement des informations et mise en s\u00e9curit\u00e9 de l\u2019Etablissement &#8211; L\u2019alerte &#8211; Mission du S.S.I. -Collecte des informations par le S.S.I. &#8211; Diff\u00e9rentes cat\u00e9gories de S.S.I. &#8211; D\u00e9tecteurs incendie et fonctionnement &#8211; L\u2019alarme<\/p>\n<h3 class=\"transition visible\">PARTIE PRATIQUE :<\/h3>\n<p class=\"transition visible\">Identifier une zone ou une boucle en alarme sur un S.S.I. &#8211; Essais d\u2019alarmes et man\u0153uvres r\u00e9elles sur un S.S.I.<\/p>\n<\/div>\n<div class=\"title active\"><i class=\"dropdown icon\"><\/i><span>\u00a0<\/span>PR\u00c9REQUIS<\/div>\n<div class=\"content active\">\n<p class=\"transition visible\">Aucun<\/p>\n<\/div>\n<div class=\"title active\"><i class=\"dropdown icon\"><\/i><span>\u00a0<\/span>CONDITIONS D&#8217;ADMISSION<\/div>\n<div class=\"content active\">\n<p class=\"transition visible\">Pi\u00e8ce d&#8217;identit\u00e9<\/p>\n<\/div>\n<div class=\"title active\"><i class=\"dropdown icon\"><\/i><span>\u00a0<\/span>DUR\u00c9E ET ORGANISATION<\/div>\n<div class=\"content active\">\n<p class=\"transition visible\">1 demi-journ\u00e9e &#8211; 4 heures<\/p>\n<\/div>\n<div class=\"title active\"><i class=\"dropdown icon\"><\/i><span>\u00a0<\/span>TEXTES DE R\u00c9F\u00c9RENCE<\/div>\n<div class=\"content active\">* Normes AFNOR : NF S61 -930 et suivantes * R\u00e8glements de S\u00e9curit\u00e9 * R\u00e8gles APSAD relatives au SSI<\/div>\n<div class=\"title active\"><i class=\"dropdown icon\"><\/i><span>\u00a0<\/span>EFFECTIFS<\/div>\n<div class=\"content active\">1 &#8211; 10 personnes<\/div>\n<div class=\"title active\"><i class=\"dropdown icon\"><\/i><span>\u00a0<\/span>MOYENS P\u00c9DAGOGIQUES<\/div>\n<div class=\"content active\">\n<ul class=\"transition visible\">\n<li>Vid\u00e9o projecteur et r\u00e9troprojecteur<\/li>\n<li>CD Rom relatifs \u00e0 la probl\u00e9matique incendie<\/li>\n<li>SSI et CMSI<\/li>\n<\/ul>\n<\/div>\n<div class=\"title active\"><i class=\"dropdown icon\"><\/i><span>\u00a0<\/span>MODALIT\u00c9S D&#8217;\u00c9VALUATION<\/div>\n<div class=\"content active\">Exercices de mises en situation sur un SSI<\/div>\n<div class=\"title active\"><i class=\"dropdown icon\"><\/i><span>\u00a0<\/span>ENCADREMENT P\u00c9DAGOGIQUE<\/div>\n<div class=\"content active\">\n<p class=\"transition visible\">Formateur disposant de l&#8217;exp\u00e9rience et des comp\u00e9tences pour dispenser l&#8217;ensemble des modules de formation.<\/p>\n<\/div>\n<div class=\"title active\"><i class=\"dropdown icon\"><\/i><span>\u00a0<\/span>SUITE DE PARCOURS ET D\u00c9BOUCH\u00c9S<\/div>\n<div class=\"content active\">\n<p class=\"transition visible\">Personne d\u00e9sign\u00e9e pour la manipulation du SSI dans tout \u00e9tablissement \u00e9quip\u00e9.<\/p>\n<\/div>\n<p>&nbsp;<\/p>\n<h4 class=\"wp-block-heading\">D\u00e9lais d\u2019acc\u00e8s:<\/h4>\n<p>2 semaines en moyenne sous r\u00e9serve de poss\u00e9der les pr\u00e9requis et l\u2019ensemble des documents administratifs.<\/p>\n<h4 class=\"wp-block-heading\">\u20ac\u00a0 Tarifs et Financement:<\/h4>\n<p>Nous consulter pour un tarif individuel<br \/>*devis P\u00f4le Emploi sur demande<\/p>\n<p>&nbsp;<\/p>\n<h4 class=\"wp-block-heading\">Contact :<\/h4>\n<p><strong>R\u00e9f\u00e9rent P\u00e9dagogique:<\/strong>\u00a007 81 52 36 35<br \/><strong>R\u00e9f\u00e9rent Handicap:<\/strong>\u00a009 70 66 92 10<\/p>\n<p>Consultez notre page\u00a0<a href=\"https:\/\/protecformation.fr\/?page_id=33\"><strong>Accompagnement Handicap<\/strong><\/a>\u00a0ou appelez-nous pour obtenir d\u2019avantages de renseignements<\/p>\n<p><strong>Contact:<\/strong>\u00a0<a href=\"https:\/\/protecformation.fr\/?page_id=33\">Formulaire de contact en ligne<\/a><\/p>\n<p>&nbsp;<\/p>\n<h4 class=\"wp-block-heading\">M\u00e9thodes d\u2019Apprentissage :<\/h4>\n<p>Etude du support de cours remis \u00e0 chaque stagiaire<br \/>Mise en \u0153uvre de moyens audiovisuels INRS appropri\u00e9s aux sujets trait\u00e9s<br \/>M\u00e9thode interactive s\u2019appuyant sur des exp\u00e9riences v\u00e9cues<br \/>Mise en pratique par chaque stagiaire<br \/>Contr\u00f4le des connaissances<\/p>\n<h4 class=\"wp-block-heading\">Moyens p\u00e9dagogiques :<\/h4>\n<p>\u2022 Vid\u00e9o projecteur + PC<br \/>\u2022 Mat\u00e9riel de s\u00e9curit\u00e9 en d\u00e9monstration :<\/p>\n<h4 class=\"wp-block-heading\">\u00a0Validation de la formation :<\/h4>\n<p>A l\u2019issue de la formation th\u00e9orique et pratique, un avis et une attestation de suivi de formation seront fournis aux stagiaires.<\/p>\n<h4 class=\"wp-block-heading\">Nombre de participants maximum :<\/h4>\n<p>12 Stagiaires maximum par session de formation<\/p>\n<\/div>[\/et_pb_tab][\/et_pb_tabs][\/et_pb_column][\/et_pb_row][\/et_pb_section]\n","protected":false},"excerpt":{"rendered":"<p>Cette formation est destin\u00e9e aux personnels amen\u00e9s \u00e0 manipuler un Syst\u00e8me de S\u00e9curit\u00e9 Incendie (SSI et CMSI) dans le cadre de leur mission, afin de leur faire prendre conscience de l\u2019importance d\u2019une r\u00e9action rapide et adapt\u00e9e. OBJECTIFS Aider les utilisateurs de S.S.I. \u00e0 r\u00e9agir et intervenir rapidement en cas de d\u00e9tection incendie. \u00a0PUBLIC Tout public [&hellip;]<\/p>\n","protected":false},"author":1,"featured_media":0,"parent":0,"menu_order":0,"comment_status":"closed","ping_status":"closed","template":"","meta":{"_et_pb_use_builder":"on","_et_pb_old_content":"","_et_gb_content_width":""},"_links":{"self":[{"href":"https:\/\/protecformation.fr\/index.php?rest_route=\/wp\/v2\/pages\/593"}],"collection":[{"href":"https:\/\/protecformation.fr\/index.php?rest_route=\/wp\/v2\/pages"}],"about":[{"href":"https:\/\/protecformation.fr\/index.php?rest_route=\/wp\/v2\/types\/page"}],"author":[{"embeddable":true,"href":"https:\/\/protecformation.fr\/index.php?rest_route=\/wp\/v2\/users\/1"}],"replies":[{"embeddable":true,"href":"https:\/\/protecformation.fr\/index.php?rest_route=%2Fwp%2Fv2%2Fcomments&post=593"}],"version-history":[{"count":4,"href":"https:\/\/protecformation.fr\/index.php?rest_route=\/wp\/v2\/pages\/593\/revisions"}],"predecessor-version":[{"id":599,"href":"https:\/\/protecformation.fr\/index.php?rest_route=\/wp\/v2\/pages\/593\/revisions\/599"}],"wp:attachment":[{"href":"https:\/\/protecformation.fr\/index.php?rest_route=%2Fwp%2Fv2%2Fmedia&parent=593"}],"curies":[{"name":"wp","href":"https:\/\/api.w.org\/{rel}","templated":true}]}}